ainder when 1946 is divided by 33.
32
What is the remainder when 192 is divided by 19?
2
What is the remainder when 1117 is divided by 194?
147
What is the remainder when 3762 is divided by 4?
2
Calculate the remainder when 59 is divided by 42.
17
Calculate the remainder when 34396 is divided by 59.
58
What is the remainder when 8597 is divided by 13?
4
Calculate the remainder when 96 is divided by 51.
45
What is the remainder when 594 is divided by 160?
114
Calculate the remainder when 164 is divided by 100.
64
What is the remainder when 51 is divided by 18?
15
What is the remainder when 302 is divided by 19?
17
Calculate the remainder when 403 is divided by 150.
103
Calculate the remainder when 21 is divided by 5.
1
What is the remainder when 97 is divided by 70?
27
Calculate the remainder when 718 is divided by 156.
94
Calculate the remainder when 27192 is divided by 185.
182
Calculate the remainder when 61 is divided by 2.
1
Calculate the remainder when 138 is divided by 18.
12
What is the remainder when 14517 is divided by 122?
121
Calculate the remainder when 418 is divided by 28.
26
Calculate the remainder when 357 is divided by 72.
69
Calculate the remainder when 4317 is divided by 288.
285
Calculate the remainder when 4917 is divided by 5.
2
Calculate the remainder when 247 is divided by 61.
3
What is the remainder when 133 is divided by 17?
14
What is the remainder when 72 is divided by 30?
12
Calculate the remainder when 800 is divided by 262.
14
Calculate the remainder when 165 is divided by 115.
50
What is the remainder when 419 is divided by 117?
68
What is the remainder when 1317 is divided by 11?
8
What is the remainder when 6288 is divided by 217?
212
What is the remainder when 271 is divided by 39?
37
Calculate the remainder when 891 is divided by 32.
27
Calculate the remainder when 103 is divided by 39.
25
What is the remainder when 29 is divided by 6?
5
What is the remainder when 51 is divided by 24?
3
What is the remainder when 382 is divided by 88?
30
Calculate the remainder when 83 is divided by 4.
3
Calculate the remainder when 61 is divided by 40.
21
What is the remainder when 119 is divided by 61?
58
Calculate the remainder when 2030 is divided by 37.
32
Calculate the remainder when 37 is divided by 22.
15
Calculate the remainder when 14 is divided by 5.
4
Calculate the remainder when 5532 is divided by 62.
14
What is the remainder when 684 is divided by 42?
12
Calculate the remainder when 11003 is divided by 2200.
3
Calculate the remainder when 6989 is divided by 6976.
13
Calculate the remainder when 1042 is divided by 258.
10
What is the remainder when 4629 is divided by 95?
69
What is the remainder when 554 is divided by 28?
22
Calculate the remainder when 209 is divided by 39.
14
Calculate the remainder when 65 is divided by 26.
13
Calculate the remainder when 364 is divided by 94.
82
Calculate the remainder when 984 is divided by 17.
15
Calculate the remainder when 508 is divided by 10.
8
What is the remainder when 28 is divided by 6?
4
What is the remainder when 312 is divided by 84?
60
What is the remainder when 237 is divided by 14?
13
What is the remainder when 35 is divided by 8?
3
What is the remainder when 54 is divided by 10?
4
What is the remainder when 659 is divided by 186?
101
What is the remainder when 174 is divided by 22?
20
What is the remainder when 9820 is divided by 6?
4
What is the remainder when 177 is divided by 63?
51
What is the remainder when 16 is divided by 7?
2
Calculate the remainder when 73 is divided by 19.
16
Calculate the remainder when 56 is divided by 44.
12
What is the remainder when 445 is divided by 83?
30
What is the remainder when 697 is divided by 39?
34
What is the remainder when 313 is divided by 9?
7
What is the remainder when 503 is divided by 36?
35
What is the remainder when 3924 is divided by 123?
111
What is the remainder when 1803 is divided by 22?
21
What is the remainder when 8277 is divided by 230?
227
What is the remainder when 236 is divided by 13?
2
Calculate the remainder when 59 is divided by 25.
9
What is the remainder when 114 is divided by 20?
14
What is the remainder when 901 is divided by 41?
40
What is the remainder when 26 is divided by 22?
4
What is the remainder when 429 is divided by 109?
102
What is the remainder when 94 is divided by 35?
24
Calculate the remainder when 453 is divided by 10.
3
Calculate the remainder when 294 is divided by 78.
60
Calculate the remainder when 161 is divided by 46.
23
Calculate the remainder when 1650 is divided by 1618.
32
Calculate the remainder when 639 is divided by 560.
79
What is the remainder when 678 is divided by 223?
9
What is the remainder when 136 is divided by 73?
63
What is the remainder when 322 is divided by 9?
7
Calculate the remainder when 2655 is divided by 70.
65
What is the remainder when 1630 is divided by 96?
94
What is the remainder when 78 is divided by 24?
6
What is the remainder when 28123 is divided by 79?
78
Calculate the remainder when 297 is divided by 65.
37
Calculate the remainder when 28774 is divided by 109.
107
What is the remainder when 358 is divided by 19?
16
What is the remainder when 117 is divided by 33?
18
What is the remainder when 8340 is divided by 103?
100
What is the remainder when 5045 is divided by 50?
45
Calculate the remainder when 108 is divided by 29.
21
What is the remainder when 2589 is divided by 70?
69
What is the remainder when 227 is divided by 19?
18
What is the remainder when 1429 is divided by 383?
280
Calculate the remainder when 204 is divided by 41.
40
Calculate the remainder when 301 is divided by 19.
16
Calculate the remainder when 2914 is divided by 121.
10
Calculate the remainder when 322 is divided by 12.
10
What is the remainder when 97 is divided by 19?
2
What is the remainder when 54 is divided by 21?
12
Calculate the remainder when 833 is divided by 92.
5
What is the remainder when 29 is divided by 11?
7
Calculate the remainder when 309 is divided by 79.
72
What is the remainder when 1162 is divided by 192?
10
What is the remainder when 37 is divided by 14?
9
Calculate the remainder when 792 is divided by 20.
12
What is the remainder when 613 is divided by 67?
10
Calculate the remainder when 538 is divided by 145.
103
What is the remainder when 120 is divided by 64?
56
Calculate the remainder when 177 is divided by 12.
9
Calculate the remainder when 259 is divided by 67.
58
Calculate the remainder when 1765 is divided by 34.
31
What is the remainder when 107 is divided by 10?
7
Calculate the remainder when 695 is divided by 26.
19
What is the remainder when 1135 is divided by 144?
127
Calculate the remainder when 478 is divided by 400.
78
Calculate the remainder when 543 is divided by 263.
17
What is the remainder when 125 is divided by 38?
11
What is the remainder when 508 is divided by 66?
46
What is the remainder when 4071 is divided by 170?
161
What is the remainder when 115 is divided by 25?
15
Calculate the remainder when 298 is divided by 20.
18
Calculate the remainder when 3775 is divided by 90.
85
Calculate the remainder when 517 is divided by 37.
36
What is the remainder when 2186 is divided by 129?
122
What is the remainder when 91 is divided by 9?
1
Calculate the remainder when 29 is divided by 18.
11
What is the remainder when 769 is divided by 10?
9
Calculate the remainder when 34 is divided by 19.
15
What is the remainder when 277 is divided by 50?
27
What is the remainder when 269 is divided by 18?
17
What is the remainder when 2855 is divided by 56?
55
What is the remainder when 3532 is divided by 52?
48
Calculate the remainder when 167 is divided by 45.
32
What is the remainder when 8047 is divided by 38?
29
What is the remainder when 2115 is divided by 2108?
7
What is the remainder when 877 is divided by 257?
106
What is the remainder when 96 is divided by 59?
37
What is the remainder when 314 is divided by 111?
92
What is the remainder when 1233 is divided by 62?
55
Calculate the remainder when 205 is divided by 73.
59
What is the remainder when 511 is divided by 32?
31
What is the remainder when 94 is divided by 20?
14
What is the remainder when 269 is divided by 15?
14
Calculate the remainder when 1580 is divided 